third derivative of 3*g**4/8 - 3*g**3/2 - 174*g**2. Determine x(6).
45
Let z = -8 + 13. Let v(q) be the first derivative of q**2/2 + q + 128. Give v(z).
6
Suppose -7*d + 20 = -3*d. Let z(n) be the second derivative of -n**3/6 - n**2/2 - 3*n + 19. Determine z(d).
-6
Let q(r) be the second derivative of 0 + r + 3/2*r**2 - 1/6*r**3. Suppose 16*l + 241*l + 1473 - 188 = 0. Determine q(l).
8
Suppose -s + m - 3*m + 3 = 0, -2*m = -s + 11. Suppose 2*v = -v + 4*o - 11, 4*v = o + s. Let j(c) = c**2 + c**3 - 4*c - 4*c**2 + 2 + 0*c**3. Calculate j(v).
-10
Let k(o) = -o**3 - o + 11. Let s = 41 - 50. Let w be 0/((-6)/s*-3). Determine k(w).
11
Suppose y + 5*c = 30, -10 = -4*y - 0*c + 2*c. Let n(u) = u + 2. Determine n(y).
7
Let o(n) = 1. Let r(a) = a - 1. Let v(j) = -5*o(j) - 5*r(j). Determine v(-3).
15
Let v(h) = -4*h - 4. Suppose -15*q + 19*q = -32. Calculate v(q).
28
Let t(r) = -3*r - 5. Let d(o) = 3*o**3 - 27*o**2 + 6*o - 49. Let z be d(9). Calculate t(z).
-20
Let v(y) = 2. Let i(w) = -3*w - 30. Let l(q) = i(q) + 15*v(q). Let x be ((-10)/4)/((-1)/(-2)). What is l(x)?
15
Let j(c) = 3*c**2 - 4*c + 7. Let k(r) = 7*r**2 - 9*r + 15. Let m(f) = -13*j(f) + 6*k(f). Let t = -5 - -4. Determine m(t).
4
Let a be (-16 - -6)/(-2) + (0 - 2). Let l(n) = n + 3. Determine l(a).
6
Let h(l) be the third derivative of -l**6/120 - l**5/10 - l**4/6 + 11*l**3/6 - 2*l**2 - 1. Let u be h(-5). Let f(o) = -o + 7. Give f(u).
1
Let z(r) = r**2 + 7*r + 30. Let x(q) = q + 4. Let p(n) = 5*x(n) - z(n). What is p(0)?
-10
Suppose 1 = 11*q - 65. Let k(l) = -l**3 + 6*l**2 + 2*l - 7. Calculate k(q).
5
Let p = 10 - 17. Let o(j) = -3*j + j**3 + 3*j + 2*j - 9*j**2 - 2 - j. Let l(x) = -2*x**3 + 17*x**2 - 3*x + 4. Let s(h) = p*o(h) - 4*l(h). Give s(4).
2
Let x(h) = -h**3 + 6*h**2 + 3 - 7*h**2 - 4*h**2 - 3*h. Suppose -2*n = 3*n. Let l be -6 + (-1 - n) - -3. Calculate x(l).
-1
Let s(h) be the first derivative of h**4/4 + 7*h**3/3 - 7*h**2/2 + 3*h + 99. Calculate s(-8).
-5
Let a(p) = -3 + 3*p**2 - p - 3 + 3*p**2 + 6*p - 5*p**2. What is a(-5)?
-6
Let q be (-22)/(-8) + -2 + (-231)/84. Let g(h) = -h**3 - h**2 + h - 1. Give g(q).
1
Suppose -6*m - 1637 + 1637 = 0. Let w(j) = 2*j**2 + 22. Give w(m).
22
Let z(h) = -3*h. Let w be (-2)/(-4)*2*1. Suppose -3*g + 13 = -p + 2, 0 = -g - p + w. Let n be -1 + (g - (-2 + 5)). What is z(n)?
3
Let z(t) = 1 - 91*t**2 + 45*t**2 + 45*t**2. Determine z(1).
0
Let v(y) = 2*y + 5. Suppose 5*f + 55 = -10. Let j = f - -8. What is v(j)?
-5
Let b(v) = 3*v + 47 + 4*v - v**2 - 36. Let y be (-36)/27 + (-25)/(-3) + 2. Determine b(y).
-7
Suppose 10*v - 3*v + 28 = 0. Let z(q) = -q**2 - 3*q - 4. Determine z(v).
-8
Let q(i) = -8*i**3 - i**2 + 1. Suppose -4*h + 15 = -3*k, -h - k - 20 = 3*k. Suppose -5*g - 5 = -h*g. Determine q(g).
8
Suppose 4*d + 2*y + 9 + 15 = 0, 5*d - 4*y + 4 = 0. Let k(s) = -2*s - 2. Let t be k(d). Let j(h) = h**2 - 6*h + 1. Give j(t).
1
Suppose -2*i - i + 12 = 0. Suppose w + 6 = -2*t, 9 = w - i*w + 3*t. Let u(d) = d**2 + d + 1. Determine u(w).
13
Let o be -12*(-14)/(-84) - (0 - 4). Let s(l) = l. Give s(o).
2
Let x(k) = k**2 + k + 3. Let u(y) = 5*y**2 + 9*y + 23. Let w(p) = -u(p) + 6*x(p). Determine w(6).
13
Let t(x) = x + 4. Let a(j) = -1. Let l(r) = 3*a(r) + t(r). Let p be ((-14)/10)/((-34)/(-170)). Calculate l(p).
-6
Let q be ((-3)/(-2) - 3)*4. Let c(k) = k. Let v(f) = 2*f - 3. Let t(n) = 3*c(n) - v(n). Give t(q).
-3
Let w(y) = -11*y + 21. Let n(m) = -2*m**2 + 9*m - 8. Let f be n(4). Let l(z) = -5*z + 11. Let r(t) = f*w(t) + 9*l(t). Determine r(11).
4
Suppose -2*u = -6*u. Let f(b) = -4*b + 3*b + u*b + 6. Suppose -a + 4*a - 15 = -4*r, 5*r - 18 = -3*a. Determine f(r).
3
Let l = -1 + 2. Suppose 5*b - 3*h = 32, -b + 3*h + 8 = 2*h. Let j(x) = -b*x - 2*x + 0*x - 2 + 7*x. Give j(l).
-1
Let f(k) = k**3 + 5*k**2 + 4*k + 2. Suppose -3*y + 2 = -7. Let q = -8 - -11. Suppose y*x - 6 - 13 = 5*i, 0 = -q*x - i - 11. Give f(x).
6
Suppose -4*m = u - 4*u + 33, -m - 24 = -3*u. Suppose -u = 2*c - 11. Let w(y) = 2*y**2 + 3 + y - 3*y - 3*y**3 + 2*y**3. Determine w(c).
-1
Let x(g) = -4*g - 2. Let o = -22 - -24. Let n(a) = -2*a + 2. Let y be n(o). Determine x(y).
6
Suppose 0*d - 4*d = -76. Suppose -2*m + 57 = d. Let a = m + -13. Let t(j) = -j - 1. What is t(a)?
-7
Let a(u) = 2*u**3 - 2*u**2 - 3*u + 3. Suppose -2*q - 3 = -3*q. Let j(n) = 6*n - 7 - q*n**2 + 2*n**2 + 0 + 1. Let t be j(4). Calculate a(t).
5
Let p = -9 + 12. Let x(b) = -4 + 4 + p + b. Give x(-3).
0
Let d(j) be the second derivative of -j**5/20 - j**4/3 - j**3/3 - j**2/2 - 6*j. Let v(z) = z**2 - 2. Let a be v(2). Let y be (a/3)/(8/(-36)). Calculate d(y).
-4
Let v(o) be the third derivative of 3/2*o**3 - 1/60*o**5 + 1/24*o**4 - 13*o**2 + 0 + 0*o. Let u(m) = -m - 7. Let g be u(-7). What is v(g)?
9
Let m(j) = j + 4. Suppose d = 6 + 3. Let z be ((-30)/d - -3)*-3. Let y be z*(3 + 0 + 0). Determine m(y).
7
Suppose -3*b + c = 11, -2*b + c - 12 = -4. Let d(s) = -7*s - 2. Give d(b).
19
Let u(j) = 3*j + 1. Let t(i) = 5*i + 3. Let f(w) = 2*t(w) - 5*u(w). Let x = -7 + -48. Let h be (-10)/x + (-13)/11. Determine f(h).
6
Let w(j) = -3*j**2 + 13*j + 7. Let v(z) = -8*z**2 + 36*z + 20. Let o(u) = 4*v(u) - 11*w(u). What is o(-5)?
23
Let b(q) be the third derivative of -1/15*q**5 + 0 + 0*q + 1/3*q**3 - 1/120*q**6 - 1/12*q**4 - 5*q**2. Determine b(-4).
10
Let p(i) = -i**3 - 3*i**2 + 6*i + 5. Let s(u) = 2*u**3 + 5*u**2 - 7*u - 6. Let j be 2*(15/5 - 1). Let o(g) = j*p(g) + 3*s(g). What is o(-2)?
-8
Let p(h) = -h**2 + 11*h + 12. Let v be p(12). Let a(j) = -3*j - 2*j + v*j + 4 + 4*j. Suppose -2*d - 3*g = 2*d - 9, 5*g = 5*d + 15. What is a(d)?
4
Let i be 2 - 1/3*6. Suppose -c - z + 1 = i, 3*z - 27 - 4 = 4*c. Let q = 0 + c. Let d(n) = 3*n + 1. Calculate d(q).
-11
Let w(u) = -u**3 - 9*u**2 - 7*u + 9. Suppose 0 = 5*p - 3*y - 42, -p + 0 = -5*y - 4. Suppose 3*l - 5*r + 9 = 0, -2*r - 5 - p = l. Give w(l).
1
Let i(v) = -v**3 - v**2 + 3*v + 1. Let d = 755 + -758. What is i(d)?
10
Let k(i) = 16*i + 632. Let o be k(-40). Let b(t) = -t - 6. Let f(r) = -r - 6. Let n(w) = -5*b(w) + 6*f(w). Give n(o).
2
Let d(r) = -r**2 + 7*r - 9. Let i(s) = -6*s + 9. Let v(o) = -2*d(o) - 3*i(o). Let k(p) be the first derivative of v(p). Calculate k(-5).
-16
Let l be 5*(-5)/((-25)/3). Let u be (-5 + l - -3)*5. Let y(c) = 5 + 2*c - 3 - u*c. What is y(2)?
-4
Let t(s) = 5*s**2 + 4*s + 2. Let r(x) = -x - 3. Let u be r(-5). Suppose u*b = 3*i - 6, 0 = -0*b + 3*b + 4*i - 8. Suppose 4*m + 8 = -b*m. What is t(m)?
14
Let z be -12*4/(-60) - (-2)/10. Let i(l) = 24*l**3 + l**2 - l + 1. Calculate i(z).
25
Let s(r) = -r**2 + 12*r + 9. Suppose -5*g - t + 62 = -0*t, -g + 3*t + 22 = 0. What is s(g)?
-4
Let w(m) = -6*m**2 + 10*m - 9. Let n(i) be the second derivative of i**4/12 - i**3/6 + i**2/2 + 11*i. Let j(q) = 5*n(q) + w(q). Determine j(3).
2
Let i(v) = -v**2 + v - 5. Suppose -2*m + 2*p + 16 = 0, -7 = 5*m - 4*p - 46. Determine i(m).
-47
Suppose -2*p - 16 = -26. Suppose p*v - 27 - 13 = 0. Let s(o) = -o**3 + 7*o**2 + 7*o + 9. Calculate s(v).
1
Let a be (-10 - -8) + 0 + -4. Let k(d) = d**2 + 5*d - 2. Give k(a).
4
Suppose -5*x + 21*d - 22*d = -44, -4*x + 36 = d. Let w(m) = m**3 - 8*m**2 + m - 8. What is w(x)?
0
Let f(c) be the second derivative of c**4/12 - 3*c**3/2 + 11*c**2/2 + 147*c. Calculate f(8).
3
Let j = 1158 + -1154. Let d(c) = c**2 - 5*c + 9. Give d(j).
5
Let p(t) be the first derivative of 21*t**2/2 - 6. Let n be ((-16)/(-8))/(1 - 2/(-2)). Calculate p(n).
21
Let w(o) = o**3 - o**2 - 3*o + 3. Let h be (-3)/(12/(-8)) + (-2 - -2). What is w(h)?
1
Let l = -6 + 11. Let k(g) = g**2 - 7*g**2 - l + 7*g**2 + g. Suppose 0 = -3*a + 7*a. Give k(a).
-5
Suppose -5*m = 4*q - 22, -5*m + 12 - 2 = 0. Let c(i) = -2*i - 6 + 3*i**2 + i**q + 0*i + 2*i - 5*i. What is c(-4)?
-2
Let h(p) = 9*p + 9*p - 25*p + 6*p - 5. What is h(7)?
-12
Let h(c) be the third derivative of c**6/120 - c**5/30 + c**4/24 - c**3/3 - 2*c**2. Let v(r) = 2*r**2 - 27*r - 12. Let n be v(14). What is h(n)?
0
Let w(n) be the first derivative of -n**4/4 - 2*n**3 + n**2/2 + 7*n - 7. Let h(o) = -2*o**2 + 5*o - 3. Let l = 6 - 3. Let m be h(l). Determine w(m).
1
Suppose 20 = 4*x - 4*p, -2*x - 52 = 5*p - 27. Let a(c) = c**3 - c**2 + 19. Give a(x).
19
Let j(k) = -6029 + k**2 + 2*k**2 + 6032 + 4*k. Give j(-2).
7
Let w(k) = -k**2 - 4*k - 2. Let a be (-